rue
Is 3478766 a prime number?
False
Is 51672193 a composite number?
False
Is 19750387 composite?
True
Is 7802099 a composite number?
True
Is 111856919 composite?
False
Is 3240617 composite?
False
Is 3569019 composite?
True
Is 10881647 a prime number?
False
Is 38508289 a prime number?
True
Is 4840221883 prime?
False
Is 452901 a prime number?
False
Is 1145173 a composite number?
False
Is 3858401 prime?
True
Is 19610119 prime?
False
Is 42279109 prime?
True
Is 1674181 prime?
True
Is 408607 prime?
True
Is 23289151 a composite number?
True
Is 207399353 composite?
True
Is 99377473 a prime number?
False
Is 8210633 prime?
False
Is 298939 composite?
True
Is 32399727 a prime number?
False
Is 148900937 composite?
True
Is 393878735 a prime number?
False
Is 93086619 composite?
True
Is 1452413 composite?
False
Is 115859099 composite?
True
Is 343738 composite?
True
Is 460347977 a composite number?
False
Is 45610967 a prime number?
False
Is 1683674661 a composite number?
True
Is 25013689 prime?
False
Is 1216667 a prime number?
False
Is 31617659 composite?
False
Is 2925653 prime?
False
Is 23806903 a composite number?
True
Is 254239977 composite?
True
Is 67758259 prime?
True
Is 2640811 a prime number?
False
Is 36798259 composite?
True
Is 187591 prime?
False
Is 310957 a prime number?
False
Is 6076985 a composite number?
True
Is 5034833 composite?
True
Is 15542117 composite?
False
Is 482076339 prime?
False
Is 100021 composite?
True
Is 5925791 prime?
False
Is 19136721 a prime number?
False
Is 177407 a prime number?
False
Is 340450931 composite?
False
Is 127484579 prime?
False
Is 20209157 composite?
True
Is 602662 composite?
True
Is 635281 a composite number?
True
Is 1676149 composite?
True
Is 426469 a composite number?
False
Is 125553341 a prime number?
True
Is 574873007 a prime number?
True
Is 15554323 composite?
False
Is 717633061 prime?
True
Is 38174567 prime?
False
Is 4982269 a composite number?
False
Is 17466931 prime?
True
Is 2267387 a composite number?
True
Is 7420643 a prime number?
True
Is 51101939 a prime number?
False
Is 8430599 a prime number?
True
Is 154647067 prime?
True
Is 360293317 a composite number?
False
Is 921523 a composite number?
False
Is 3769303 a composite number?
False
Is 618523 prime?
False
Is 128470733 prime?
False
Is 53278103 a composite number?
True
Is 11188889 a prime number?
True
Is 2921735 composite?
True
Is 2121919 composite?
True
Is 32224417 a composite number?
False
Is 5014097 prime?
False
Is 14477101 a prime number?
False
Is 3572561 a composite number?
False
Is 33888917 composite?
False
Is 2113183 a prime number?
False
Is 3780893 a composite number?
False
Is 4117489 a prime number?
True
Is 6003197 prime?
True
Is 91410331 composite?
False
Is 9430843 prime?
True
Is 471553 composite?
False
Is 1695829 a composite number?
True
Is 51364211 a prime number?
True
Is 2674621 composite?
False
Is 28791643 a composite number?
False
Is 206196869 a composite number?
False
Is 910711717 prime?
True
Is 101811583 prime?
True
Is 50443357 prime?
True
Is 72200567 prime?
False
Is 36768463 a composite number?
True
Is 968251 composite?
False
Is 12793891 composite?
True
Is 882087 a composite number?
True
Is 160712627 a composite number?
True
Is 1738897 a composite number?
True
Is 98474029 a prime number?
True
Is 2627539 a prime number?
False
Is 718399 prime?
False
Is 1324177 composite?
True
Is 8384419 prime?
True
Is 1920377 a prime number?
True
Is 29868253 a composite number?
True
Is 2269238 composite?
True
Is 7519987 composite?
False
Is 10996859 a prime number?
True
Is 914533 a prime number?
True
Is 2246581 a composite number?
False
Is 17181861 prime?
False
Is 2848253 a prime number?
False
Is 1175017 prime?
False
Is 91862779 prime?
True
Is 7063241 composite?
False
Is 22551121 prime?
False
Is 20398193 a composite number?
False
Is 943219 a composite number?
False
Is 4434407 composite?
True
Is 35711239 prime?
False
Is 35118521 a prime number?
True
Is 28241029 prime?
False
Is 5816589 a composite number?
True
Is 404017 prime?
True
Is 2198981 composite?
False
Is 20554383 prime?
False
Is 15819277 composite?
False
Is 1044025303 a composite number?
False
Is 1077621 a prime number?
False
Is 589397453 prime?
True
Is 5234987 composite?
False
Is 64208983 composite?
True
Is 8630477 a prime number?
True
Is 13446373 prime?
True
Is 276271 a composite number?
True
Is 141312113 prime?
True
Is 155634835 prime?
False
Is 28388999 a composite number?
True
Is 141532063 prime?
True
Is 18416851 prime?
True
Is 90737 a composite number?
True
Is 3587099 a composite number?
False
Is 17700665 a composite number?
True
Is 10282471 a prime number?
False
Is 975757723 a prime number?
True
Is 151692311 composite?
False
Is 19471129 composite?
False
Is 7827431 prime?
True
Is 537383921 composite?
True
Is 1189751 a composite number?
False
Is 14711771 a composite number?
False
Is 13113509 a composite number?
False
Is 13126541 a prime number?
True
Is 8176013 a composite number?
True
Is 11212823 composite?
False
Is 20443777 composite?
True
Is 4443827 a prime number?
True
Is 2448962 prime?
False
Is 1274719 a prime number?
True
Is 22775689 prime?
True
Is 177739 composite?
False
Is 96499997 a prime number?
False
Is 6218533 prime?
False
Is 2883637 a prime number?
False
Is 28745686 a composite number?
True
Is 63222487 prime?
False
Is 2006967 composite?
True
Is 86016269 prime?
True
Is 1534237 prime?
False
Is 1156428745 a composite number?
True
Is 14650861 composite?
False
Is 122836157 a composite number?
True
Is 834131 a prime number?
True
Is 686234707 composite?
True
Is 5899813 composite?
False
Is 222137 composite?
False
Is 1072361747 prime?
False
Is 6143327 a composite number?
True
Is 90561407 prime?
True
Is 2287403 a composite number?
True
Is 5532311 composite?
False
Is 262976191 composite?
True
Is 2251547 a prime number?
True
Is 31962361 prime?
True
Is 242863 composite?
False
Is 15560159 composite?
False
Is 42262637 a prime number?
False
Is 1513897427 prime?
False
Is 6772379 prime?
False
Is 2375183 composite?
False
Is 5669651 prime?
False
Is 574770347 composite?
True
Is 2916253 prime?
False
Is 4290269 prime?
True
Is 47064327 a prime number?
False
Is 156817 composite?
False
Is 2309249 composite?
True
Is 2771623 a prime number?
True
Is 56800921 a prime number?
False
Is 305636563 a prime number?
True
Is 1637887 composite?
False
Is 17929469 a prime number?
False
Is 4785623 prime?
True
Is 596767 prime?
True
Is 1006147 a prime number?
True
Is 470453 a prime number?
True
Is 26848049 composite?
True
Is 61751 composite?
False
Is 148510861 composite?
True
Is 131260667 composite?
True
Is 913013 a composite number?
False
Is 25136929 prime?
False
Is 84269819 composite?
True
Is 149671889 a composite number?
False
Is 216094079 a prime number?
True
Is 2029673 a composite number?
True
Is 186052121 composite?
True
Is 15947569 composite?
True
Is 72256127 prime?
True
Is 3086618 a prime number?
False
Is 1311377 composite?
False
Is 367245617 prime?
True
Is 13281967 prime?
True
Is 13564627 a prime number?
False
Is 15205807 a composite number?
False
Is 79284463 composite?
True
Is 328313 a prime number?
False
Is 1341167 prime?
True
Is 50192401 a composite number?
True
Is 72515197 a prime number?
True
Is 233006365 a prime number?
False
Is 7467983 prime?
False
Is 888549 composite?
True
Is 412891 a prime number?
True
Is 25107713 composite?
False
Is 11510857 a composite number?
True
Is 152947582 composite?
True
Is 3840943 composite?
True
Is 150626983 a prime number?
False
Is 1030349 a prime number?
True
Is 799418057 composite?
False
Is 2001157 a prime number?
False
Is 6411829 a prime number?
True
Is 38343589 composite?
True
Is 99453169 a prime number?
False
Is 1707253 a composite number?
False
Is 17674799 a composite number?
False
Is 6904031 prime?
False
Is 749201 a prime number?
False
Is 106485983 a composite number?
False
Is 953245 prime?
False
Is 10263657 composite?
True
Is 10763051 prime?
False
Is 43567289 composite?
False
Is 5363693 a composite number?
False
Is 2766507 prime?
False
Is 18600779 composite?
False
Is 1042183 a composite number?
False
Is 1932911 a composite number?
False
Is 55282463 a prime number?
True
Is 2138093 a prime number?
True
Is 930817 a prime number?
True
Is 53253709 a prime number?
True
Is 357